{"id":10398,"date":"2024-12-13T10:30:07","date_gmt":"2024-12-13T13:30:07","guid":{"rendered":"https:\/\/eval.cl\/?post_type=product&#038;p=10398"},"modified":"2024-12-13T10:30:07","modified_gmt":"2024-12-13T13:30:07","slug":"mago-evo","status":"publish","type":"product","link":"https:\/\/eval.cl\/index.php\/producto\/mago-evo\/","title":{"rendered":"Mago Evo"},"content":{"rendered":"<h1>Radio control de mano<\/h1>\n<p>EVO es el radio control de mano de ELCA, compacto, ligero, ergon\u00f3mico, ideal para controlar maquinas y sistemas industriales en los sectores de manejo de materiales; es compatible con una variedad de aplicaciones. Consiste en 6 botones de paso de doble velocidad, 1 bot\u00f3n auxiliar programable, botones de encendido y paro de emergencia. Su bater\u00eda es de litio de bajo consumo (hasta 40 horas de uso continuo); se recarga completamente en 4 horas y en 15 minutos puede obtener hasta 3 horas de vida de bater\u00eda. El transmisor se detiene en presencia de interferencia y al siguiente \u201cencendido\u201d selecciona automaticamente la nueva frecuencia disponible. El bot\u00f3n \u201cauxiliar\u201d puede ser un bot\u00f3n de comando moment\u00e1neo (con o sin memoria) o un selector de comando (1, 2, 1+2) con indicacion led de la seleccion activa. EVO recibe recibe se\u00f1ales de la maquina controlada por medio de un sistema bidireccional, dando indicacion a 4 se\u00f1ales LED disponibles. La carcasa esta hecha de ABS con proteccion IP65. La activacion del transmisor esta protegida por un codigo llave electronico, el auto apagado puede ser programable (despues de 2,5,10 minutos de inactividad). El reemplazo del transmisor no afecta los ajustes previamente guardados (hecho mediante una combinacion directa de las llaves del teclado). El paquete standar incluye : Transmisor EVO, receptor MAGO FLEXI, alimentacion ELCA-CLIP, cubierta protectora, correa de hombro, correa de mu\u00f1eca y manual de usuario.<\/p>\n","protected":false},"excerpt":{"rendered":"<p>Radio control de mano EVO es el radio control de mano de ELCA, compacto, ligero, ergon\u00f3mico, ideal para controlar maquinas y sistemas industriales en los sectores de manejo de materiales; es compatible con una variedad de aplicaciones. Consiste en 6 botones de paso de doble velocidad, 1 bot\u00f3n auxiliar programable, botones de encendido y paro&#8230;<\/p>\n","protected":false},"featured_media":10399,"template":"","meta":[],"product_cat":[113],"product_tag":[],"class_list":{"0":"post-10398","1":"product","2":"type-product","3":"status-publish","4":"has-post-thumbnail","6":"product_cat-controles-remotos-radiocontroles","8":"first","9":"instock","10":"shipping-taxable","11":"product-type-simple"},"yoast_head":"<!-- This site is optimized with the Yoast SEO plugin v23.8 - https:\/\/yoast.com\/wordpress\/plugins\/seo\/ -->\n<title>Mago Evo - Eval<\/title>\n<meta name=\"robots\" content=\"index, follow, max-snippet:-1, max-image-preview:large, max-video-preview:-1\" \/>\n<link rel=\"canonical\" href=\"https:\/\/eval.cl\/index.php\/producto\/mago-evo\/\" \/>\n<meta property=\"og:locale\" content=\"es_ES\" \/>\n<meta property=\"og:type\" content=\"article\" \/>\n<meta property=\"og:title\" content=\"Mago Evo - Eval\" \/>\n<meta property=\"og:description\" content=\"Radio control de mano EVO es el radio control de mano de ELCA, compacto, ligero, ergon\u00f3mico, ideal para controlar maquinas y sistemas industriales en los sectores de manejo de materiales; es compatible con una variedad de aplicaciones. Consiste en 6 botones de paso de doble velocidad, 1 bot\u00f3n auxiliar programable, botones de encendido y paro...\" \/>\n<meta property=\"og:url\" content=\"https:\/\/eval.cl\/index.php\/producto\/mago-evo\/\" \/>\n<meta property=\"og:site_name\" content=\"Eval\" \/>\n<meta property=\"og:image\" content=\"https:\/\/eval.cl\/wp-content\/uploads\/2024\/12\/88f135a483ef01fac8d7b920488085e4_XL.jpg\" \/>\n\t<meta property=\"og:image:width\" content=\"900\" \/>\n\t<meta property=\"og:image:height\" content=\"675\" \/>\n\t<meta property=\"og:image:type\" content=\"image\/jpeg\" \/>\n<meta name=\"twitter:card\" content=\"summary_large_image\" \/>\n<meta name=\"twitter:label1\" content=\"Tiempo de lectura\" \/>\n\t<meta name=\"twitter:data1\" content=\"2 minutos\" \/>\n<script type=\"application\/ld+json\" class=\"yoast-schema-graph\">{\"@context\":\"https:\/\/schema.org\",\"@graph\":[{\"@type\":\"WebPage\",\"@id\":\"https:\/\/eval.cl\/index.php\/producto\/mago-evo\/\",\"url\":\"https:\/\/eval.cl\/index.php\/producto\/mago-evo\/\",\"name\":\"Mago Evo - Eval\",\"isPartOf\":{\"@id\":\"https:\/\/eval.cl\/#website\"},\"primaryImageOfPage\":{\"@id\":\"https:\/\/eval.cl\/index.php\/producto\/mago-evo\/#primaryimage\"},\"image\":{\"@id\":\"https:\/\/eval.cl\/index.php\/producto\/mago-evo\/#primaryimage\"},\"thumbnailUrl\":\"https:\/\/eval.cl\/wp-content\/uploads\/2024\/12\/88f135a483ef01fac8d7b920488085e4_XL.jpg\",\"datePublished\":\"2024-12-13T13:30:07+00:00\",\"dateModified\":\"2024-12-13T13:30:07+00:00\",\"breadcrumb\":{\"@id\":\"https:\/\/eval.cl\/index.php\/producto\/mago-evo\/#breadcrumb\"},\"inLanguage\":\"es\",\"potentialAction\":[{\"@type\":\"ReadAction\",\"target\":[\"https:\/\/eval.cl\/index.php\/producto\/mago-evo\/\"]}]},{\"@type\":\"ImageObject\",\"inLanguage\":\"es\",\"@id\":\"https:\/\/eval.cl\/index.php\/producto\/mago-evo\/#primaryimage\",\"url\":\"https:\/\/eval.cl\/wp-content\/uploads\/2024\/12\/88f135a483ef01fac8d7b920488085e4_XL.jpg\",\"contentUrl\":\"https:\/\/eval.cl\/wp-content\/uploads\/2024\/12\/88f135a483ef01fac8d7b920488085e4_XL.jpg\",\"width\":900,\"height\":675},{\"@type\":\"BreadcrumbList\",\"@id\":\"https:\/\/eval.cl\/index.php\/producto\/mago-evo\/#breadcrumb\",\"itemListElement\":[{\"@type\":\"ListItem\",\"position\":1,\"name\":\"Portada\",\"item\":\"https:\/\/eval.cl\/\"},{\"@type\":\"ListItem\",\"position\":2,\"name\":\"Tienda\",\"item\":\"https:\/\/eval.cl\/index.php\/tienda\/\"},{\"@type\":\"ListItem\",\"position\":3,\"name\":\"Mago Evo\"}]},{\"@type\":\"WebSite\",\"@id\":\"https:\/\/eval.cl\/#website\",\"url\":\"https:\/\/eval.cl\/\",\"name\":\"Eval\",\"description\":\"Puente Gr\u00faa, Gr\u00faa Viajera, Fabricaci\u00f3n de Puente Gr\u00faa, Instalaci\u00f3n de Puente Gr\u00faa, Gr\u00faa Portal, Gr\u00faa P\u00f3rtico con Neum\u00e1ticos, Gr\u00faa Puerto RTG, Repuestos y Accesorios\",\"publisher\":{\"@id\":\"https:\/\/eval.cl\/#organization\"},\"potentialAction\":[{\"@type\":\"SearchAction\",\"target\":{\"@type\":\"EntryPoint\",\"urlTemplate\":\"https:\/\/eval.cl\/?s={search_term_string}\"},\"query-input\":{\"@type\":\"PropertyValueSpecification\",\"valueRequired\":true,\"valueName\":\"search_term_string\"}}],\"inLanguage\":\"es\"},{\"@type\":\"Organization\",\"@id\":\"https:\/\/eval.cl\/#organization\",\"name\":\"Eval\",\"url\":\"https:\/\/eval.cl\/\",\"logo\":{\"@type\":\"ImageObject\",\"inLanguage\":\"es\",\"@id\":\"https:\/\/eval.cl\/#\/schema\/logo\/image\/\",\"url\":\"https:\/\/eval.cl\/wp-content\/uploads\/2017\/07\/REDISENO-EVAL-04.webp\",\"contentUrl\":\"https:\/\/eval.cl\/wp-content\/uploads\/2017\/07\/REDISENO-EVAL-04.webp\",\"width\":160,\"height\":83,\"caption\":\"Eval\"},\"image\":{\"@id\":\"https:\/\/eval.cl\/#\/schema\/logo\/image\/\"}}]}<\/script>\n<!-- \/ Yoast SEO plugin. -->","yoast_head_json":{"title":"Mago Evo - Eval","robots":{"index":"index","follow":"follow","max-snippet":"max-snippet:-1","max-image-preview":"max-image-preview:large","max-video-preview":"max-video-preview:-1"},"canonical":"https:\/\/eval.cl\/index.php\/producto\/mago-evo\/","og_locale":"es_ES","og_type":"article","og_title":"Mago Evo - Eval","og_description":"Radio control de mano EVO es el radio control de mano de ELCA, compacto, ligero, ergon\u00f3mico, ideal para controlar maquinas y sistemas industriales en los sectores de manejo de materiales; es compatible con una variedad de aplicaciones. Consiste en 6 botones de paso de doble velocidad, 1 bot\u00f3n auxiliar programable, botones de encendido y paro...","og_url":"https:\/\/eval.cl\/index.php\/producto\/mago-evo\/","og_site_name":"Eval","og_image":[{"width":900,"height":675,"url":"https:\/\/eval.cl\/wp-content\/uploads\/2024\/12\/88f135a483ef01fac8d7b920488085e4_XL.jpg","type":"image\/jpeg"}],"twitter_card":"summary_large_image","twitter_misc":{"Tiempo de lectura":"2 minutos"},"schema":{"@context":"https:\/\/schema.org","@graph":[{"@type":"WebPage","@id":"https:\/\/eval.cl\/index.php\/producto\/mago-evo\/","url":"https:\/\/eval.cl\/index.php\/producto\/mago-evo\/","name":"Mago Evo - Eval","isPartOf":{"@id":"https:\/\/eval.cl\/#website"},"primaryImageOfPage":{"@id":"https:\/\/eval.cl\/index.php\/producto\/mago-evo\/#primaryimage"},"image":{"@id":"https:\/\/eval.cl\/index.php\/producto\/mago-evo\/#primaryimage"},"thumbnailUrl":"https:\/\/eval.cl\/wp-content\/uploads\/2024\/12\/88f135a483ef01fac8d7b920488085e4_XL.jpg","datePublished":"2024-12-13T13:30:07+00:00","dateModified":"2024-12-13T13:30:07+00:00","breadcrumb":{"@id":"https:\/\/eval.cl\/index.php\/producto\/mago-evo\/#breadcrumb"},"inLanguage":"es","potentialAction":[{"@type":"ReadAction","target":["https:\/\/eval.cl\/index.php\/producto\/mago-evo\/"]}]},{"@type":"ImageObject","inLanguage":"es","@id":"https:\/\/eval.cl\/index.php\/producto\/mago-evo\/#primaryimage","url":"https:\/\/eval.cl\/wp-content\/uploads\/2024\/12\/88f135a483ef01fac8d7b920488085e4_XL.jpg","contentUrl":"https:\/\/eval.cl\/wp-content\/uploads\/2024\/12\/88f135a483ef01fac8d7b920488085e4_XL.jpg","width":900,"height":675},{"@type":"BreadcrumbList","@id":"https:\/\/eval.cl\/index.php\/producto\/mago-evo\/#breadcrumb","itemListElement":[{"@type":"ListItem","position":1,"name":"Portada","item":"https:\/\/eval.cl\/"},{"@type":"ListItem","position":2,"name":"Tienda","item":"https:\/\/eval.cl\/index.php\/tienda\/"},{"@type":"ListItem","position":3,"name":"Mago Evo"}]},{"@type":"WebSite","@id":"https:\/\/eval.cl\/#website","url":"https:\/\/eval.cl\/","name":"Eval","description":"Puente Gr\u00faa, Gr\u00faa Viajera, Fabricaci\u00f3n de Puente Gr\u00faa, Instalaci\u00f3n de Puente Gr\u00faa, Gr\u00faa Portal, Gr\u00faa P\u00f3rtico con Neum\u00e1ticos, Gr\u00faa Puerto RTG, Repuestos y Accesorios","publisher":{"@id":"https:\/\/eval.cl\/#organization"},"potentialAction":[{"@type":"SearchAction","target":{"@type":"EntryPoint","urlTemplate":"https:\/\/eval.cl\/?s={search_term_string}"},"query-input":{"@type":"PropertyValueSpecification","valueRequired":true,"valueName":"search_term_string"}}],"inLanguage":"es"},{"@type":"Organization","@id":"https:\/\/eval.cl\/#organization","name":"Eval","url":"https:\/\/eval.cl\/","logo":{"@type":"ImageObject","inLanguage":"es","@id":"https:\/\/eval.cl\/#\/schema\/logo\/image\/","url":"https:\/\/eval.cl\/wp-content\/uploads\/2017\/07\/REDISENO-EVAL-04.webp","contentUrl":"https:\/\/eval.cl\/wp-content\/uploads\/2017\/07\/REDISENO-EVAL-04.webp","width":160,"height":83,"caption":"Eval"},"image":{"@id":"https:\/\/eval.cl\/#\/schema\/logo\/image\/"}}]}},"acf":[],"_links":{"self":[{"href":"https:\/\/eval.cl\/index.php\/wp-json\/wp\/v2\/product\/10398","targetHints":{"allow":["GET"]}}],"collection":[{"href":"https:\/\/eval.cl\/index.php\/wp-json\/wp\/v2\/product"}],"about":[{"href":"https:\/\/eval.cl\/index.php\/wp-json\/wp\/v2\/types\/product"}],"wp:featuredmedia":[{"embeddable":true,"href":"https:\/\/eval.cl\/index.php\/wp-json\/wp\/v2\/media\/10399"}],"wp:attachment":[{"href":"https:\/\/eval.cl\/index.php\/wp-json\/wp\/v2\/media?parent=10398"}],"wp:term":[{"taxonomy":"product_cat","embeddable":true,"href":"https:\/\/eval.cl\/index.php\/wp-json\/wp\/v2\/product_cat?post=10398"},{"taxonomy":"product_tag","embeddable":true,"href":"https:\/\/eval.cl\/index.php\/wp-json\/wp\/v2\/product_tag?post=10398"}],"curies":[{"name":"wp","href":"https:\/\/api.w.org\/{rel}","templated":true}]}}